{"id":86,"date":"2016-10-07T23:08:46","date_gmt":"2016-10-07T23:08:46","guid":{"rendered":"http:\/\/www.szentesifaiskola.hu\/webaruhaz\/?page_id=86"},"modified":"2024-11-26T18:23:48","modified_gmt":"2024-11-26T18:23:48","slug":"koszonto","status":"publish","type":"page","link":"https:\/\/www.szentesifaiskola.hu\/webaruhaz\/?page_id=86","title":{"rendered":"K\u00f6sz\u00f6nt\u0151"},"content":{"rendered":"<h4>\u00dcdv\u00f6z\u00f6lj\u00fck&#8230;<\/h4>\n<p><a href=\"http:\/\/www.szentesifaiskola.hu\/webaruhaz\/wp-content\/uploads\/2023\/02\/asdfg.jpg\"><img loading=\"lazy\" decoding=\"async\" class=\"wp-image-818 alignleft\" src=\"http:\/\/www.szentesifaiskola.hu\/webaruhaz\/wp-content\/uploads\/2023\/02\/asdfg-225x300.jpg\" alt=\"\" width=\"162\" height=\"216\" srcset=\"https:\/\/www.szentesifaiskola.hu\/webaruhaz\/wp-content\/uploads\/2023\/02\/asdfg-225x300.jpg 225w, https:\/\/www.szentesifaiskola.hu\/webaruhaz\/wp-content\/uploads\/2023\/02\/asdfg.jpg 720w\" sizes=\"auto, (max-width: 162px) 100vw, 162px\" \/><\/a><img loading=\"lazy\" decoding=\"async\" class=\"alignright\" src=\"http:\/\/www.szentesifaiskola.hu\/webaruhaz\/wp-content\/uploads\/2016\/10\/koszonto53.jpg\" alt=\"\" width=\"161\" height=\"214\" \/><a href=\"http:\/\/www.szentesifaiskola.hu\/webaruhaz\/wp-content\/uploads\/2023\/02\/fddfhdfh.jpg\"><img loading=\"lazy\" decoding=\"async\" class=\"wp-image-819 aligncenter\" src=\"http:\/\/www.szentesifaiskola.hu\/webaruhaz\/wp-content\/uploads\/2023\/02\/fddfhdfh-300x300.jpg\" alt=\"\" width=\"215\" height=\"215\" srcset=\"https:\/\/www.szentesifaiskola.hu\/webaruhaz\/wp-content\/uploads\/2023\/02\/fddfhdfh-300x300.jpg 300w, https:\/\/www.szentesifaiskola.hu\/webaruhaz\/wp-content\/uploads\/2023\/02\/fddfhdfh-150x150.jpg 150w, https:\/\/www.szentesifaiskola.hu\/webaruhaz\/wp-content\/uploads\/2023\/02\/fddfhdfh-768x769.jpg 768w, https:\/\/www.szentesifaiskola.hu\/webaruhaz\/wp-content\/uploads\/2023\/02\/fddfhdfh-1024x1024.jpg 1024w, https:\/\/www.szentesifaiskola.hu\/webaruhaz\/wp-content\/uploads\/2023\/02\/fddfhdfh.jpg 1438w\" sizes=\"auto, (max-width: 215px) 100vw, 215px\" \/><\/a><!--more--><\/p>\n<p><strong>&#8230;honlapunkon \u00e9s tisztelettel aj\u00e1nljuk figyelm\u00e9be aktu\u00e1lis n\u00f6v\u00e9nyk\u00edn\u00e1latunkat \u00e9s szolg\u00e1ltat\u00e1sainkat.<\/strong><\/p>\n<p>D\u00edszfaiskol\u00e1nk a D\u00e9l-Alf\u00f6ld\u00f6n, a Csongr\u00e1d-Csan\u00e1d v\u00e1rmegyei Szentes hat\u00e1r\u00e1ban, egy\u00e9ni v\u00e1llalkoz\u00e1sk\u00e9nt m\u0171k\u00f6dik. Termeszt\u00e9s\u00fcnk jelent\u0151s r\u00e9sz\u00e9t lombhullat\u00f3 d\u00edszf\u00e1k, ezen bel\u00fcl f\u0151k\u00e9nt g\u00f6mbf\u00e1k \u00e9s egy\u00e9b alakf\u00e1k alkotj\u00e1k \u00e9s ezekb\u0151l a D\u00e9l-Alf\u00f6ld\u00f6n a legnagyobb k\u00edn\u00e1latot ny\u00fajtjuk, mind min\u0151s\u00e9g, mind mennyis\u00e9g tekintet\u00e9ben. Kont\u00e9nerben nevelt f\u00e1ink eg\u00e9sz \u00e9vben \u00fcltethet\u0151k. Sor- \u00e9s parkf\u00e1ink 1-2x-i iskol\u00e1z\u00e1s ut\u00e1n, 8\/10, 10\/12, 12\/14 t\u00f6rzs k\u00f6rm\u00e9rettel ker\u00fclnek \u00e9rt\u00e9kes\u00edt\u00e9sre. Rem\u00e9lj\u00fck, hogy edzett, kiv\u00e1l\u00f3 min\u0151s\u00e9g\u0171 n\u00f6v\u00e9nyeink, melyek nagy t\u0171r\u0151k\u00e9pess\u00e9g\u0171ek, -hiszen az Alf\u00f6ld sz\u00e9ls\u0151s\u00e9ges klimatikus viszonyai k\u00f6z\u00f6tt fejl\u0151dtek &#8211; elnyerik az \u00d6n bizalm\u00e1t \u00e9s tetsz\u00e9s\u00e9t.<\/p>\n<table border=\"0\" width=\"98%\" cellspacing=\"2\" cellpadding=\"2\" align=\"center\">\n<tbody>\n<tr>\n<td><img decoding=\"async\" src=\"http:\/\/www.szentesifaiskola.hu\/webaruhaz\/wp-content\/uploads\/2016\/10\/sarreti.jpg\" alt=\"\" \/><\/td>\n<td style=\"text-align: left;\" valign=\"bottom\"><strong>S\u00e1rr\u00e9ti Gyul\u00e1n\u00e9<\/strong><br \/>\nFaiskola vezet\u0151<br \/>\n<strong>Tel: 06 30 965 15 57<\/strong><br \/>\n<strong>e-mail:<\/strong> <a href=\"mailto:s.gyulane@szentesifaiskola.hu\">feketedio@gmail.com<\/a><\/td>\n<td align=\"center\" valign=\"top\"><\/td>\n<\/tr>\n<tr>\n<td><img decoding=\"async\" src=\"http:\/\/www.szentesifaiskola.hu\/webaruhaz\/wp-content\/uploads\/2016\/10\/koszonto33.jpg\" alt=\"\" \/><\/td>\n<td valign=\"bottom\"><span style=\"color: #339966;\"><em><strong>N<\/strong><strong>agykereskedelem \u00e9s termeszt\u00e9s<\/strong><\/em><\/span><\/p>\n<p><span style=\"color: #339966;\"><em><strong><strong>Vass D\u00e1vid<\/strong><\/strong><\/em><\/span><\/p>\n<p><span style=\"color: #339966;\"><em><strong>Tel: 06 30 477 82 83<\/strong><\/em><\/span><br \/>\n<span style=\"color: #339966;\"><em><strong>e-mail: <a style=\"color: #339966;\" href=\"mailto:info@szentesifaiskola.hu\">info@szentesifaiskola.hu<\/a><\/strong><\/em><\/span><\/td>\n<td style=\"text-align: center;\">\n<p style=\"text-align: left;\"><span style=\"color: #ff0000;\"><em><strong>Kiskereskedelmi vezet\u0151<\/strong><\/em><\/span><\/p>\n<p style=\"text-align: left;\"><span style=\"color: #ff0000;\"><em><strong>S\u00e1rr\u00e9ti Krisztina<\/strong><\/em><\/span><\/p>\n<p style=\"text-align: left;\"><span style=\"color: #ff0000;\"><em><strong>Tel: 06 30 326 43 98<\/strong><\/em><\/span><br \/>\n<span style=\"color: #ff0000;\"><em><strong>e-mail:<a style=\"color: #ff0000;\" href=\"mailto:info@szentesifaiskola.hu\">hellogreenkft@gmail.com<\/a><\/strong><\/em><\/span><\/p>\n<p style=\"text-align: left;\">\n<\/td>\n<\/tr>\n<tr>\n<td><\/td>\n<td valign=\"bottom\"><\/td>\n<td><\/td>\n<\/tr>\n<\/tbody>\n<\/table>\n","protected":false},"excerpt":{"rendered":"<p>\u00dcdv\u00f6z\u00f6lj\u00fck&#8230;<\/p>\n","protected":false},"author":1,"featured_media":0,"parent":0,"menu_order":0,"comment_status":"closed","ping_status":"open","template":"","meta":{"footnotes":""},"class_list":["post-86","page","type-page","status-publish","hentry"],"_links":{"self":[{"href":"https:\/\/www.szentesifaiskola.hu\/webaruhaz\/index.php?rest_route=\/wp\/v2\/pages\/86","targetHints":{"allow":["GET"]}}],"collection":[{"href":"https:\/\/www.szentesifaiskola.hu\/webaruhaz\/index.php?rest_route=\/wp\/v2\/pages"}],"about":[{"href":"https:\/\/www.szentesifaiskola.hu\/webaruhaz\/index.php?rest_route=\/wp\/v2\/types\/page"}],"author":[{"embeddable":true,"href":"https:\/\/www.szentesifaiskola.hu\/webaruhaz\/index.php?rest_route=\/wp\/v2\/users\/1"}],"replies":[{"embeddable":true,"href":"https:\/\/www.szentesifaiskola.hu\/webaruhaz\/index.php?rest_route=%2Fwp%2Fv2%2Fcomments&post=86"}],"version-history":[{"count":23,"href":"https:\/\/www.szentesifaiskola.hu\/webaruhaz\/index.php?rest_route=\/wp\/v2\/pages\/86\/revisions"}],"predecessor-version":[{"id":1590,"href":"https:\/\/www.szentesifaiskola.hu\/webaruhaz\/index.php?rest_route=\/wp\/v2\/pages\/86\/revisions\/1590"}],"wp:attachment":[{"href":"https:\/\/www.szentesifaiskola.hu\/webaruhaz\/index.php?rest_route=%2Fwp%2Fv2%2Fmedia&parent=86"}],"curies":[{"name":"wp","href":"https:\/\/api.w.org\/{rel}","templated":true}]}}

Köszöntő

<h4>Üdvözöljük&#8230;</h4>
<p><a href="http://www.szentesifaiskola.hu/webaruhaz/wp-content/uploads/2023/02/asdfg.jpg"><img loading="lazy" decoding="async" class="wp-image-818 alignleft" src="http://www.szentesifaiskola.hu/webaruhaz/wp-content/uploads/2023/02/asdfg-225x300.jpg" alt="" width="162" height="216" srcset="https://www.szentesifaiskola.hu/webaruhaz/wp-content/uploads/2023/02/asdfg-225x300.jpg 225w, https://www.szentesifaiskola.hu/webaruhaz/wp-content/uploads/2023/02/asdfg.jpg 720w" sizes="auto, (max-width: 162px) 100vw, 162px" /></a><img loading="lazy" decoding="async" class="alignright" src="http://www.szentesifaiskola.hu/webaruhaz/wp-content/uploads/2016/10/koszonto53.jpg" alt="" width="161" height="214" /><a href="http://www.szentesifaiskola.hu/webaruhaz/wp-content/uploads/2023/02/fddfhdfh.jpg"><img loading="lazy" decoding="async" class="wp-image-819 aligncenter" src="http://www.szentesifaiskola.hu/webaruhaz/wp-content/uploads/2023/02/fddfhdfh-300x300.jpg" alt="" width="215" height="215" srcset="https://www.szentesifaiskola.hu/webaruhaz/wp-content/uploads/2023/02/fddfhdfh-300x300.jpg 300w, https://www.szentesifaiskola.hu/webaruhaz/wp-content/uploads/2023/02/fddfhdfh-150x150.jpg 150w, https://www.szentesifaiskola.hu/webaruhaz/wp-content/uploads/2023/02/fddfhdfh-768x769.jpg 768w, https://www.szentesifaiskola.hu/webaruhaz/wp-content/uploads/2023/02/fddfhdfh-1024x1024.jpg 1024w, https://www.szentesifaiskola.hu/webaruhaz/wp-content/uploads/2023/02/fddfhdfh.jpg 1438w" sizes="auto, (max-width: 215px) 100vw, 215px" /></a><!--more--></p>
<p><strong>&#8230;honlapunkon és tisztelettel ajánljuk figyelmébe aktuális növénykínálatunkat és szolgáltatásainkat.</strong></p>
<p>Díszfaiskolánk a Dél-Alföldön, a Csongrád-Csanád vármegyei Szentes határában, egyéni vállalkozásként működik. Termesztésünk jelentős részét lombhullató díszfák, ezen belül főként gömbfák és egyéb alakfák alkotják és ezekből a Dél-Alföldön a legnagyobb kínálatot nyújtjuk, mind minőség, mind mennyiség tekintetében. Konténerben nevelt fáink egész évben ültethetők. Sor- és parkfáink 1-2x-i iskolázás után, 8/10, 10/12, 12/14 törzs körmérettel kerülnek értékesítésre. Reméljük, hogy edzett, kiváló minőségű növényeink, melyek nagy tűrőképességűek, -hiszen az Alföld szélsőséges klimatikus viszonyai között fejlődtek &#8211; elnyerik az Ön bizalmát és tetszését.</p>
<table border="0" width="98%" cellspacing="2" cellpadding="2" align="center">
<tbody>
<tr>
<td><img decoding="async" src="http://www.szentesifaiskola.hu/webaruhaz/wp-content/uploads/2016/10/sarreti.jpg" alt="" /></td>
<td style="text-align: left;" valign="bottom"><strong>Sárréti Gyuláné</strong><br />
Faiskola vezető<br />
<strong>Tel: 06 30 965 15 57</strong><br />
<strong>e-mail:</strong> <a href="mailto:s.gyulane@szentesifaiskola.hu">feketedio@gmail.com</a></td>
<td align="center" valign="top"></td>
</tr>
<tr>
<td><img decoding="async" src="http://www.szentesifaiskola.hu/webaruhaz/wp-content/uploads/2016/10/koszonto33.jpg" alt="" /></td>
<td valign="bottom"><span style="color: #339966;"><em><strong>N</strong><strong>agykereskedelem és termesztés</strong></em></span></p>
<p><span style="color: #339966;"><em><strong><strong>Vass Dávid</strong></strong></em></span></p>
<p><span style="color: #339966;"><em><strong>Tel: 06 30 477 82 83</strong></em></span><br />
<span style="color: #339966;"><em><strong>e-mail: <a style="color: #339966;" href="mailto:info@szentesifaiskola.hu">info@szentesifaiskola.hu</a></strong></em></span></td>
<td style="text-align: center;">
<p style="text-align: left;"><span style="color: #ff0000;"><em><strong>Kiskereskedelmi vezető</strong></em></span></p>
<p style="text-align: left;"><span style="color: #ff0000;"><em><strong>Sárréti Krisztina</strong></em></span></p>
<p style="text-align: left;"><span style="color: #ff0000;"><em><strong>Tel: 06 30 326 43 98</strong></em></span><br />
<span style="color: #ff0000;"><em><strong>e-mail:<a style="color: #ff0000;" href="mailto:info@szentesifaiskola.hu">hellogreenkft@gmail.com</a></strong></em></span></p>
<p style="text-align: left;">
</td>
</tr>
<tr>
<td></td>
<td valign="bottom"></td>
<td></td>
</tr>
</tbody>
</table>

<p>Üdvözöljük&#8230;</p>
