{"id":82,"date":"2016-10-07T23:06:25","date_gmt":"2016-10-07T23:06:25","guid":{"rendered":"http:\/\/www.szentesifaiskola.hu\/webaruhaz\/?page_id=82"},"modified":"2018-05-28T05:49:21","modified_gmt":"2018-05-28T05:49:21","slug":"szolgaltatasok","status":"publish","type":"page","link":"https:\/\/www.szentesifaiskola.hu\/webaruhaz\/?page_id=82","title":{"rendered":"Szolg\u00e1ltat\u00e1sok"},"content":{"rendered":"<p><strong><a><img decoding=\"async\" alt=\"\" src=\"http:\/\/www.szentesifaiskola.hu\/webaruhaz\/wp-content\/uploads\/2016\/10\/egyeb16.jpg\" \/><\/a><a><img decoding=\"async\" alt=\"\" src=\"http:\/\/www.szentesifaiskola.hu\/webaruhaz\/wp-content\/uploads\/2016\/10\/egyeb36.jpg\" \/><\/a><\/strong><\/p>\n<p><strong>Tervez\u00e9si-kivitelez\u00e9si megrendel\u00e9st befogadunk:<\/strong><\/p>\n<p>&#8211; t\u00e9rs\u00e9gi, \u00f6nkorm\u00e1nyzati p\u00e1ly\u00e1zatok<br \/>\n&#8211; egy\u00e9b ter\u00fcletrendez\u00e9si, parkos\u00edt\u00e1si tervek k\u00e9sz\u00edt\u00e9s\u00e9t\u0151l kezd\u0151d\u0151en<br \/>\n&#8211; csal\u00e1di h\u00e1zak kertjeinek \u00e9p\u00edt\u00e9si-, rendez\u00e9si terv\u00e9ig<\/p>\n<p>&nbsp;<\/p>\n<p><strong><a><img decoding=\"async\" alt=\"\" src=\"http:\/\/www.szentesifaiskola.hu\/webaruhaz\/wp-content\/uploads\/2016\/10\/egyeb25.jpg\" \/><\/a><\/strong><\/p>\n<p><strong>Tervez\u0151nk:<\/strong> okleveles t\u00e1j- \u00e9s kert\u00e9p\u00edt\u00e9sz<br \/>\n<strong>Kivitelez\u00e9s:<\/strong> faiskolai h\u00e1tt\u00e9rrel.<br \/>\n<strong>El\u00e9rhet\u0151s\u00e9g web:<\/strong> <a href=\"http:\/\/www.hajdankert.hu\" target=\"_blank\">www.hajdankert.hu<\/a><br \/>\n<strong>E-mail-c\u00edm:<\/strong> <a href=\"mailto:hajdankert@hajdankert.hu\">hajdankert@hajdankert.hu<\/a><\/p>\n<p align=\"center\">\n","protected":false},"excerpt":{"rendered":"<p>Tervez\u00e9si-kivitelez\u00e9si megrendel\u00e9st befogadunk: &#8211; t\u00e9rs\u00e9gi, \u00f6nkorm\u00e1nyzati p\u00e1ly\u00e1zatok &#8211; egy\u00e9b ter\u00fcletrendez\u00e9si, parkos\u00edt\u00e1si tervek k\u00e9sz\u00edt\u00e9s\u00e9t\u0151l kezd\u0151d\u0151en &#8211; csal\u00e1di h\u00e1zak kertjeinek \u00e9p\u00edt\u00e9si-, rendez\u00e9si terv\u00e9ig &nbsp; Tervez\u0151nk: okleveles t\u00e1j- \u00e9s kert\u00e9p\u00edt\u00e9sz Kivitelez\u00e9s: faiskolai h\u00e1tt\u00e9rrel. El\u00e9rhet\u0151s\u00e9g web: www.hajdankert.hu E-mail-c\u00edm: hajdankert@hajdankert.hu<\/p>\n","protected":false},"author":1,"featured_media":0,"parent":0,"menu_order":0,"comment_status":"closed","ping_status":"open","template":"","meta":{"footnotes":""},"class_list":["post-82","page","type-page","status-publish","hentry"],"_links":{"self":[{"href":"https:\/\/www.szentesifaiskola.hu\/webaruhaz\/index.php?rest_route=\/wp\/v2\/pages\/82","targetHints":{"allow":["GET"]}}],"collection":[{"href":"https:\/\/www.szentesifaiskola.hu\/webaruhaz\/index.php?rest_route=\/wp\/v2\/pages"}],"about":[{"href":"https:\/\/www.szentesifaiskola.hu\/webaruhaz\/index.php?rest_route=\/wp\/v2\/types\/page"}],"author":[{"embeddable":true,"href":"https:\/\/www.szentesifaiskola.hu\/webaruhaz\/index.php?rest_route=\/wp\/v2\/users\/1"}],"replies":[{"embeddable":true,"href":"https:\/\/www.szentesifaiskola.hu\/webaruhaz\/index.php?rest_route=%2Fwp%2Fv2%2Fcomments&post=82"}],"version-history":[{"count":3,"href":"https:\/\/www.szentesifaiskola.hu\/webaruhaz\/index.php?rest_route=\/wp\/v2\/pages\/82\/revisions"}],"predecessor-version":[{"id":175,"href":"https:\/\/www.szentesifaiskola.hu\/webaruhaz\/index.php?rest_route=\/wp\/v2\/pages\/82\/revisions\/175"}],"wp:attachment":[{"href":"https:\/\/www.szentesifaiskola.hu\/webaruhaz\/index.php?rest_route=%2Fwp%2Fv2%2Fmedia&parent=82"}],"curies":[{"name":"wp","href":"https:\/\/api.w.org\/{rel}","templated":true}]}}

Szolgáltatások

<p><strong><a><img decoding="async" alt="" src="http://www.szentesifaiskola.hu/webaruhaz/wp-content/uploads/2016/10/egyeb16.jpg" /></a><a><img decoding="async" alt="" src="http://www.szentesifaiskola.hu/webaruhaz/wp-content/uploads/2016/10/egyeb36.jpg" /></a></strong></p>
<p><strong>Tervezési-kivitelezési megrendelést befogadunk:</strong></p>
<p>&#8211; térségi, önkormányzati pályázatok<br />
&#8211; egyéb területrendezési, parkosítási tervek készítésétől kezdődően<br />
&#8211; családi házak kertjeinek építési-, rendezési tervéig</p>
<p>&nbsp;</p>
<p><strong><a><img decoding="async" alt="" src="http://www.szentesifaiskola.hu/webaruhaz/wp-content/uploads/2016/10/egyeb25.jpg" /></a></strong></p>
<p><strong>Tervezőnk:</strong> okleveles táj- és kertépítész<br />
<strong>Kivitelezés:</strong> faiskolai háttérrel.<br />
<strong>Elérhetőség web:</strong> <a href="http://www.hajdankert.hu" target="_blank">www.hajdankert.hu</a><br />
<strong>E-mail-cím:</strong> <a href="mailto:hajdankert@hajdankert.hu">hajdankert@hajdankert.hu</a></p>
<p align="center">

<p>Tervezési-kivitelezési megrendelést befogadunk: &#8211; térségi, önkormányzati pályázatok &#8211; egyéb területrendezési, parkosítási tervek készítésétől kezdődően &#8211; családi házak kertjeinek építési-, rendezési tervéig &nbsp; Tervezőnk: okleveles táj- és kertépítész Kivitelezés: faiskolai háttérrel. Elérhetőség web: www.hajdankert.hu E-mail-cím: hajdankert@hajdankert.hu</p>
